{"id":1022,"date":"2018-06-29T19:55:52","date_gmt":"2018-06-29T22:55:52","guid":{"rendered":"https:\/\/ifdgomez-crr.infd.edu.ar\/sitio\/profesorado-de-educacion-inicial\/"},"modified":"2025-06-11T18:50:26","modified_gmt":"2025-06-11T21:50:26","slug":"profesorado-de-educacion-inicial","status":"publish","type":"page","link":"https:\/\/ifdgomez-crr.infd.edu.ar\/sitio\/profesorado-de-educacion-inicial\/","title":{"rendered":"Profesorado de Educaci\u00f3n Inicial"},"content":{"rendered":"<p><span style=\"font-size: 12pt;\"><img decoding=\"async\" loading=\"lazy\" style=\"display: block; border: 0; float: right; margin: 15px 10px 15px 10px;\" title=\"incial\" src=\"http:\/\/www.geocities.ws\/educacioninicial\/descarga.jpg\" alt=\"incial\" width=\"295\" height=\"197\" border=\"0\" \/><span style=\"text-decoration: underline; font-family: verdana, geneva; color: #000000;\"><strong style=\"font-family: Verdana, Arial, Helvetica, sans-serif; font-size: 12pt;\">Objetivos<\/strong><\/span><br \/>\n<\/span><\/p>\n<p style=\"text-align: justify;\"><span style=\"font-family: verdana, geneva; font-size: 12pt; text-align: justify;\"><img decoding=\"async\" title=\"accept\" src=\"https:\/\/ifdgomez-crr.infd.edu.ar\/sitio\/wp-content\/uploads\/2018\/06\/accept_1.png\" alt=\"accept\" border=\"0\" \/> <span style=\"color: #000000;\">Garantizar una formaci\u00f3n docente inicial integral, a trav\u00e9s del desarrollo equilibrado de los campos de formaci\u00f3n pedag\u00f3gica espec\u00edfica y de la pr\u00e1ctica profesional docente, con los aportes de los diferentes campos del conocimie<\/span>nto.<\/span><br \/>\n<span style=\"font-family: verdana, geneva; font-size: 12pt; text-align: justify;\"><img decoding=\"async\" title=\"accept\" src=\"https:\/\/ifdgomez-crr.infd.edu.ar\/sitio\/wp-content\/uploads\/2018\/06\/accept_1.png\" alt=\"accept\" border=\"0\" \/> <span style=\"color: #000000;\">Promover el desarrollo de habilidades y actitudes para el ejercicio \u00e9tico, racional, reflexivo, cr\u00edtico y eficiente de la docencia, entendiendo que la Educaci\u00f3n Inicial es un derecho y un deber social, y que los ni\u00f1os y ni\u00f1as son sujetos de derecho, seres sociales, integrantes de una familia y de una comunidad, que poseen caracter\u00edsticas personales, culturales y ling\u00fc\u00edsticas particulares y que aprenden en un proceso constructivo y relacional con su ambiente.<\/span><\/span><br \/>\n<span style=\"font-family: verdana, geneva; font-size: 12pt; text-align: justify;\"><img decoding=\"async\" title=\"accept\" src=\"https:\/\/ifdgomez-crr.infd.edu.ar\/sitio\/wp-content\/uploads\/2018\/06\/accept_1.png\" alt=\"accept\" border=\"0\" \/> <\/span><span style=\"font-family: verdana, geneva; font-size: 12pt; text-align: justify;\"><span style=\"color: #000000;\">Dise\u00f1ar e implementar pr\u00e1cticas educativas pertinentes y acordes con la heterogeneidad de los sujetos y sus contextos, siendo capaz de desempe\u00f1ar sus tareas en realidades diversas (espacios urbanos, suburbanos o rurales), demostrando atenci\u00f3n y respeto por la diversidad de caracter\u00edsticas y condiciones relacionadas con el idioma, las formas de vida de la familia, los patrones de crianza y el entorno comunitario.<\/span><\/span><\/p>\n<p style=\"text-align: justify;\"><span style=\"font-family: verdana, geneva; font-size: 12pt; text-align: justify;\"><img decoding=\"async\" loading=\"lazy\" class=\"alignnone\" title=\"accept\" src=\"https:\/\/ifdgomez-crr.infd.edu.ar\/sitio\/wp-content\/uploads\/2018\/06\/accept_1.png\" alt=\"accept\" width=\"32\" height=\"32\" border=\"0\" \/> <span style=\"color: #000000;\">Formar docentes que aborden cr\u00edticamente los fen\u00f3menos educativos en el campo general de los modelos did\u00e1cticos, de los problemas y de las pol\u00edticas educativas vigentes en la Rep\u00fablica Argentina y en la Provincia de Corrientes.<\/span><\/span><\/p>\n<p style=\"text-align: justify;\"><span style=\"font-family: verdana, geneva; font-size: 12pt; text-align: justify; color: #000000;\"><span style=\"font-family: verdana, geneva; font-size: 12pt; text-align: justify;\"><img decoding=\"async\" loading=\"lazy\" class=\"alignnone\" title=\"accept\" src=\"https:\/\/ifdgomez-crr.infd.edu.ar\/sitio\/wp-content\/uploads\/2018\/06\/accept_1.png\" alt=\"accept\" width=\"32\" height=\"32\" border=\"0\" \/> <\/span>Adoptar una actitud cr\u00edtica sobre su acci\u00f3n, reflexiva y siempre abierta al cambio y estar dispuesto a indagar, replantear y resignificar situaciones conceptos o decisiones de la pr\u00e1ctica docente.<\/span><\/p>\n<p style=\"text-align: justify;\"><span style=\"font-family: verdana, geneva; font-size: 12pt; text-align: justify;\"><img decoding=\"async\" title=\"accept\" src=\"https:\/\/ifdgomez-crr.infd.edu.ar\/sitio\/wp-content\/uploads\/2018\/06\/accept_1.png\" alt=\"accept\" border=\"0\" \/> <span style=\"color: #000000;\">Dar continuidad a su formaci\u00f3n inicial, profundizando sus conocimientos y su capacidad reflexiva acerca de sus propias pr\u00e1cticas, de los sujetos, los campos disciplinares, los contextos, las innovaciones y su identidad como docente.<\/span><\/span><\/p>\n<p><span style=\"font-family: verdana, geneva; font-size: 18pt; color: #008000;\"><strong style=\"font-family: verdana, geneva; font-size: 12pt; text-align: justify;\">\u00a0<strong><img decoding=\"async\" loading=\"lazy\" class=\"alignleft\" src=\"https:\/\/ifdgomez-crr.infd.edu.ar\/sitio\/wp-content\/uploads\/2018\/06\/IEGauIOV3Nauimagen_incrustada1.png\" alt=\"Resultado de imagen para reloj\" width=\"28\" height=\"34\" border=\"0\" \/>\u00a0\u00a0<\/strong><\/strong><\/span><span style=\"text-decoration: underline; font-family: verdana, geneva; font-size: 18pt; color: #000000;\"><strong style=\"font-family: verdana, geneva; font-size: 12pt; text-align: justify;\">Duraci\u00f3n de la Carrera<\/strong><\/span><\/p>\n<p style=\"text-align: justify;\"><span style=\"font-size: 12pt; font-family: verdana, geneva; color: #000000;\">2.698 hs reloj (4.048 horas c\u00e1tedra), a lo largo de 4 a\u00f1os de estudio. <\/span><\/p>\n<p style=\"text-align: justify;\"><span style=\"font-size: 12pt; font-family: verdana, geneva; color: #000000;\">Ocho semestres, que incluyen observaciones, pr\u00e1ctica profesional intensiva, talleres complementarios\u00a0 y ex\u00e1men final.<\/span><\/p>\n<p><span style=\"font-size: 12pt; font-family: verdana, geneva;\"><strong><span style=\"text-decoration: underline;\">Horario de cursado:\u00a0<\/span><\/strong><\/span><\/p>\n<p><span style=\"font-size: 12pt; font-family: verdana, geneva; color: #000000;\">Turno tarde<\/span><\/p>\n<p><span style=\"font-size: 12pt; font-family: verdana, geneva;\"><strong><span style=\"text-decoration: underline;\">Cursos habilitados:<\/span><\/strong><\/span><\/p>\n<p><span style=\"font-size: 12pt; font-family: verdana, geneva; color: #000000;\">4\u00ba a\u00f1o<\/span><\/p>\n<p style=\"text-align: justify;\"><span style=\"text-decoration: underline; font-size: 12pt; color: #000000;\"><span style=\"font-family: verdana, geneva;\"><span style=\"font-family: verdana, geneva;\"><strong><img decoding=\"async\" loading=\"lazy\" class=\" wp-image-3292 alignleft\" src=\"https:\/\/ifdgomez-crr.infd.edu.ar\/sitio\/wp-content\/uploads\/2023\/04\/graduation-hat-with-diploma.png\" alt=\"\" width=\"38\" height=\"38\" srcset=\"https:\/\/ifdgomez-crr.infd.edu.ar\/sitio\/wp-content\/uploads\/2023\/04\/graduation-hat-with-diploma.png 512w, https:\/\/ifdgomez-crr.infd.edu.ar\/sitio\/wp-content\/uploads\/2023\/04\/graduation-hat-with-diploma-500x500.png 500w\" sizes=\"(max-width: 38px) 100vw, 38px\" \/>Titulaci\u00f3n<\/strong><\/span><\/span><\/span><\/p>\n<p style=\"text-align: justify;\"><span style=\"font-size: 12pt; font-family: verdana, geneva; color: #000000;\">Profesor\/a de Educacion Incial.<\/span><\/p>\n<p style=\"text-align: justify;\"><span style=\"font-size: 12pt; font-family: verdana, geneva; color: #000000;\">Con validez nacional y <\/span><span style=\"font-size: 12pt; font-family: verdana, geneva; color: #000000;\">habilitante para ejercer la docencia en Jardines Maternales o Jardines de Infantes de gesti\u00f3n p\u00fablica o privada. Tambi\u00e9n podr\u00e1 trabajar de manera independiente en un Jard\u00edn Propio.<\/span><\/p>\n<p><span style=\"font-family: verdana, geneva; font-size: 12pt;\"><strong><span style=\"text-decoration: underline;\"><a href=\"http:\/\/dgescorrientes.net\/curriculares-pdf\/profesorado\/educ-inicial-rm.1487-2014.pdf\"><img decoding=\"async\" loading=\"lazy\" class=\" wp-image-3296 alignleft\" src=\"https:\/\/ifdgomez-crr.infd.edu.ar\/sitio\/wp-content\/uploads\/2023\/04\/166088.png\" alt=\"\" width=\"38\" height=\"38\" srcset=\"https:\/\/ifdgomez-crr.infd.edu.ar\/sitio\/wp-content\/uploads\/2023\/04\/166088.png 512w, https:\/\/ifdgomez-crr.infd.edu.ar\/sitio\/wp-content\/uploads\/2023\/04\/166088-500x500.png 500w\" sizes=\"(max-width: 38px) 100vw, 38px\" \/>Dise\u00f1o Curricular<\/a> <\/span><\/strong><\/span><span style=\"font-family: verdana, geneva; font-size: 13.3333px; color: #000000;\">(Plan de Estudio en las p\u00e1ginas 7 y 8 del pdf)<\/span><\/p>\n","protected":false},"excerpt":{"rendered":"<p>Objetivos Garantizar una formaci\u00f3n docente inicial integral, a trav\u00e9s del desarrollo equilibrado de los campos de formaci\u00f3n pedag\u00f3gica espec\u00edfica y de la pr\u00e1ctica profesional docente, con los aportes de los diferentes campos del conocimiento. Promover el desarrollo de habilidades y actitudes para el ejercicio \u00e9tico, racional, reflexivo, cr\u00edtico y eficiente de la docencia, entendiendo que &#8230; <a title=\"Profesorado de Educaci\u00f3n Inicial\" class=\"read-more\" href=\"https:\/\/ifdgomez-crr.infd.edu.ar\/sitio\/profesorado-de-educacion-inicial\/\" aria-label=\"More on Profesorado de Educaci\u00f3n Inicial\">[+]<\/a><\/p>\n","protected":false},"author":748,"featured_media":0,"parent":0,"menu_order":0,"comment_status":"closed","ping_status":"closed","template":"","meta":[],"acf":[],"_links":{"self":[{"href":"https:\/\/ifdgomez-crr.infd.edu.ar\/sitio\/wp-json\/wp\/v2\/pages\/1022"}],"collection":[{"href":"https:\/\/ifdgomez-crr.infd.edu.ar\/sitio\/wp-json\/wp\/v2\/pages"}],"about":[{"href":"https:\/\/ifdgomez-crr.infd.edu.ar\/sitio\/wp-json\/wp\/v2\/types\/page"}],"author":[{"embeddable":true,"href":"https:\/\/ifdgomez-crr.infd.edu.ar\/sitio\/wp-json\/wp\/v2\/users\/748"}],"replies":[{"embeddable":true,"href":"https:\/\/ifdgomez-crr.infd.edu.ar\/sitio\/wp-json\/wp\/v2\/comments?post=1022"}],"version-history":[{"count":10,"href":"https:\/\/ifdgomez-crr.infd.edu.ar\/sitio\/wp-json\/wp\/v2\/pages\/1022\/revisions"}],"predecessor-version":[{"id":5132,"href":"https:\/\/ifdgomez-crr.infd.edu.ar\/sitio\/wp-json\/wp\/v2\/pages\/1022\/revisions\/5132"}],"wp:attachment":[{"href":"https:\/\/ifdgomez-crr.infd.edu.ar\/sitio\/wp-json\/wp\/v2\/media?parent=1022"}],"curies":[{"name":"wp","href":"https:\/\/api.w.org\/{rel}","templated":true}]}}