{"id":1028,"date":"2018-06-29T19:55:54","date_gmt":"2018-06-29T22:55:54","guid":{"rendered":"https:\/\/ifdgomez-crr.infd.edu.ar\/sitio\/profesorado-de-educacion-secundaria-en-geografia\/"},"modified":"2023-08-15T22:15:12","modified_gmt":"2023-08-16T01:15:12","slug":"profesorado-de-educacion-secundaria-en-geografia","status":"publish","type":"page","link":"https:\/\/ifdgomez-crr.infd.edu.ar\/sitio\/profesorado-de-educacion-secundaria-en-geografia\/","title":{"rendered":"Profesorado de Educaci\u00f3n Secundaria en Geograf\u00eda"},"content":{"rendered":"<p><span style=\"font-size: 12pt;\"><img decoding=\"async\" loading=\"lazy\" style=\"display: block; border: 0; float: right; margin: 10px 15px 10px 15px;\" title=\"geograf\u00eda\" src=\"http:\/\/csociales79.weebly.com\/uploads\/2\/9\/4\/9\/29492749\/4204598_orig.jpg\" alt=\"geograf\u00eda\" width=\"306\" height=\"226\" border=\"0\" \/><\/span><span style=\"font-family: verdana, geneva;\"><strong style=\"font-family: Verdana, Arial, Helvetica, sans-serif; font-size: 12pt; text-decoration: underline; text-align: justify;\"><span style=\"text-decoration: underline;\">Objetivos<\/span><\/strong><\/span><\/p>\n<p style=\"text-align: justify;\"><span style=\"font-family: verdana, geneva; font-size: 12pt; text-align: justify;\"><img decoding=\"async\" title=\"accept\" src=\"https:\/\/ifdgomez-crr.infd.edu.ar\/sitio\/wp-content\/uploads\/2018\/06\/accept_1.png\" alt=\"accept\" border=\"0\" \/> <\/span><span style=\"font-family: verdana, geneva; font-size: 12pt; text-align: justify;\"><span style=\"color: #000000;\">Formar a los estudiantes para que alcancen el t\u00edtulo de Profesor de Ense\u00f1anza Media en Geograf\u00eda sobre firmes bases te\u00f3ricas, metodol\u00f3gicas e instrumentales.<\/span><\/span><\/p>\n<p style=\"text-align: justify;\"><span style=\"font-family: verdana, geneva; font-size: 12pt; text-align: justify;\"><img decoding=\"async\" title=\"accept\" src=\"https:\/\/ifdgomez-crr.infd.edu.ar\/sitio\/wp-content\/uploads\/2018\/06\/accept_1.png\" alt=\"accept\" border=\"0\" \/> <span style=\"color: #000000;\">Planificar, conducir y evaluar estrategias de ense\u00f1anza de contenidos de la Geograf\u00eda en particular y de las Ciencias Sociales, en general, en relaci\u00f3n con las caracter\u00edsticas personales, sociales y culturales de sus alumnos.<\/span><\/span><\/p>\n<p style=\"text-align: justify;\"><span style=\"font-family: verdana, geneva; font-size: 12pt; text-align: justify;\"><img decoding=\"async\" title=\"accept\" src=\"https:\/\/ifdgomez-crr.infd.edu.ar\/sitio\/wp-content\/uploads\/2018\/06\/accept_1.png\" alt=\"accept\" border=\"0\" \/> <span style=\"color: #000000;\">Reflexionar acerca de las estrategias de ense\u00f1anza y los procesos de aprendizaje en Ciencias Sociales.<\/span><\/span><\/p>\n<p style=\"text-align: justify;\"><span style=\"font-family: verdana, geneva; font-size: 12pt; text-align: justify;\"><img decoding=\"async\" title=\"accept\" src=\"https:\/\/ifdgomez-crr.infd.edu.ar\/sitio\/wp-content\/uploads\/2018\/06\/accept_1.png\" alt=\"accept\" border=\"0\" \/> <span style=\"color: #000000;\">Fundamentar te\u00f3ricamente su hacer did\u00e1ctico y asumir una actitud cr\u00edtica y reflexiva en el desarrollo de tareas de ense\u00f1anza de la Geograf\u00eda y de las Ciencias Sociales.<\/span><\/span><\/p>\n<p style=\"text-align: justify;\"><span style=\"font-family: verdana, geneva;\"><img decoding=\"async\" title=\"accept\" src=\"https:\/\/ifdgomez-crr.infd.edu.ar\/sitio\/wp-content\/uploads\/2018\/06\/accept_1.png\" alt=\"accept\" border=\"0\" \/> <span style=\"font-size: 12pt; color: #000000;\">Desarrollar\u00a0<\/span><\/span><span style=\"font-size: 12pt; color: #000000;\"><span style=\"font-family: verdana, geneva;\">\u00a0<\/span><span style=\"font-family: verdana, geneva;\">procedimientos y propuestas metodol\u00f3gicas que integren las TIC, como\u00a0<\/span><span style=\"font-family: verdana, geneva;\">asistentes digitales favorecedores de experiencias valiosas de aprendizaje.<\/span><\/span><\/p>\n<p><span style=\"font-size: 12pt; font-family: verdana, geneva; color: #008000;\"><strong style=\"font-family: Verdana, Arial, Helvetica, sans-serif; font-size: 12pt;\"><strong><img decoding=\"async\" loading=\"lazy\" class=\"alignleft\" src=\"https:\/\/ifdgomez-crr.infd.edu.ar\/sitio\/wp-content\/uploads\/2018\/06\/IEGauIOV3Nauimagen_incrustada1.png\" alt=\"Resultado de imagen para reloj\" width=\"28\" height=\"34\" border=\"0\" \/><\/strong><\/strong><\/span><span style=\"font-size: 12pt; font-family: verdana, geneva;\"><strong style=\"font-family: Verdana, Arial, Helvetica, sans-serif; font-size: 12pt;\"><span style=\"text-decoration: underline;\">Duraci\u00f3n de la Carrera<\/span><\/strong><\/span><\/p>\n<p style=\"text-align: justify;\"><span style=\"font-size: 12pt; font-family: verdana, geneva; color: #000000;\">2.666 horas reloj (4.000 horas c\u00e1tedra), a lo largo de 4 a\u00f1os de estudio.<\/span><\/p>\n<p style=\"text-align: justify;\"><span style=\"font-size: 12pt; font-family: verdana, geneva; color: #000000;\">Ocho semestres, que incluyen observaciones, pr\u00e1ctica profesional intensiva, talleres complementarios\u00a0 y examen final.<\/span><\/p>\n<p><span style=\"font-size: 12pt; font-family: verdana, geneva;\"><strong><span style=\"text-decoration: underline;\">Horario de cursado:\u00a0<\/span><\/strong><\/span><\/p>\n<p><span style=\"font-size: 12pt; font-family: verdana, geneva; color: #000000;\">Turno noche<\/span><\/p>\n<p><span style=\"font-size: 12pt; font-family: verdana, geneva;\"><strong><span style=\"text-decoration: underline;\">Cursos habilitados:<\/span><\/strong><\/span><\/p>\n<p><span style=\"font-size: 12pt; font-family: verdana, geneva; color: #000000;\">1\u00ba a\u00f1o, 2\u00ba a\u00f1o, 3\u00ba a\u00f1o y 4\u00ba a\u00f1o<\/span><\/p>\n<p style=\"text-align: justify;\"><span style=\"font-size: 12pt; font-family: verdana, geneva;\"><strong style=\"font-family: Verdana, Arial, Helvetica, sans-serif; font-size: 12pt;\"><span style=\"text-decoration: underline;\"><img decoding=\"async\" loading=\"lazy\" class=\" wp-image-3292 alignleft\" src=\"https:\/\/ifdgomez-crr.infd.edu.ar\/sitio\/wp-content\/uploads\/2023\/04\/graduation-hat-with-diploma.png\" alt=\"\" width=\"38\" height=\"38\" srcset=\"https:\/\/ifdgomez-crr.infd.edu.ar\/sitio\/wp-content\/uploads\/2023\/04\/graduation-hat-with-diploma.png 512w, https:\/\/ifdgomez-crr.infd.edu.ar\/sitio\/wp-content\/uploads\/2023\/04\/graduation-hat-with-diploma-500x500.png 500w\" sizes=\"(max-width: 38px) 100vw, 38px\" \/>Titulaci\u00f3n<\/span><\/strong><\/span><\/p>\n<p style=\"text-align: justify;\"><span style=\"font-size: 12pt; font-family: verdana, geneva; color: #000000;\">Profesor\/a de Educaci\u00f3n Secundaria en Geograf\u00eda<\/span><\/p>\n<p><span style=\"font-size: 12pt; font-family: verdana, geneva;\"><strong><span style=\"text-decoration: underline;\"><span style=\"text-decoration: underline;\"><a title=\"Dise\u00f1o Geograf\u00eda\" href=\"http:\/\/dgescorrientes.net\/curriculares-pdf\/profesorado\/geografia-rm.3318-2014.pdf\" target=\"_blank\" rel=\"noopener\"><span style=\"text-decoration: underline;\"><img decoding=\"async\" loading=\"lazy\" class=\"alignnone  wp-image-3296\" src=\"https:\/\/ifdgomez-crr.infd.edu.ar\/sitio\/wp-content\/uploads\/2023\/04\/166088.png\" alt=\"\" width=\"38\" height=\"38\" srcset=\"https:\/\/ifdgomez-crr.infd.edu.ar\/sitio\/wp-content\/uploads\/2023\/04\/166088.png 512w, https:\/\/ifdgomez-crr.infd.edu.ar\/sitio\/wp-content\/uploads\/2023\/04\/166088-500x500.png 500w\" sizes=\"(max-width: 38px) 100vw, 38px\" \/> Dise\u00f1o Curricular Completo<\/span><\/a><\/span><\/span><\/strong><\/span><span style=\"font-size: 12pt; font-family: verdana, geneva; color: #008000;\"><span style=\"color: #000000; font-size: 10pt;\">(Plan de Estudio en las p\u00e1ginas 20 a 22 del pdf)<\/span><\/span><\/p>\n","protected":false},"excerpt":{"rendered":"<p>Objetivos Formar a los estudiantes para que alcancen el t\u00edtulo de Profesor de Ense\u00f1anza Media en Geograf\u00eda sobre firmes bases te\u00f3ricas, metodol\u00f3gicas e instrumentales. Planificar, conducir y evaluar estrategias de ense\u00f1anza de contenidos de la Geograf\u00eda en particular y de las Ciencias Sociales, en general, en relaci\u00f3n con las caracter\u00edsticas personales, sociales y culturales de &#8230; <a title=\"Profesorado de Educaci\u00f3n Secundaria en Geograf\u00eda\" class=\"read-more\" href=\"https:\/\/ifdgomez-crr.infd.edu.ar\/sitio\/profesorado-de-educacion-secundaria-en-geografia\/\" aria-label=\"More on Profesorado de Educaci\u00f3n Secundaria en Geograf\u00eda\">[+]<\/a><\/p>\n","protected":false},"author":748,"featured_media":0,"parent":0,"menu_order":0,"comment_status":"closed","ping_status":"closed","template":"","meta":[],"acf":[],"_links":{"self":[{"href":"https:\/\/ifdgomez-crr.infd.edu.ar\/sitio\/wp-json\/wp\/v2\/pages\/1028"}],"collection":[{"href":"https:\/\/ifdgomez-crr.infd.edu.ar\/sitio\/wp-json\/wp\/v2\/pages"}],"about":[{"href":"https:\/\/ifdgomez-crr.infd.edu.ar\/sitio\/wp-json\/wp\/v2\/types\/page"}],"author":[{"embeddable":true,"href":"https:\/\/ifdgomez-crr.infd.edu.ar\/sitio\/wp-json\/wp\/v2\/users\/748"}],"replies":[{"embeddable":true,"href":"https:\/\/ifdgomez-crr.infd.edu.ar\/sitio\/wp-json\/wp\/v2\/comments?post=1028"}],"version-history":[{"count":7,"href":"https:\/\/ifdgomez-crr.infd.edu.ar\/sitio\/wp-json\/wp\/v2\/pages\/1028\/revisions"}],"predecessor-version":[{"id":3725,"href":"https:\/\/ifdgomez-crr.infd.edu.ar\/sitio\/wp-json\/wp\/v2\/pages\/1028\/revisions\/3725"}],"wp:attachment":[{"href":"https:\/\/ifdgomez-crr.infd.edu.ar\/sitio\/wp-json\/wp\/v2\/media?parent=1028"}],"curies":[{"name":"wp","href":"https:\/\/api.w.org\/{rel}","templated":true}]}}