{"id":1085,"date":"2018-06-29T19:56:14","date_gmt":"2018-06-29T22:56:14","guid":{"rendered":"https:\/\/ifdgomez-crr.infd.edu.ar\/sitio\/cargos-y-funciones-institucionales\/"},"modified":"2025-09-09T22:46:34","modified_gmt":"2025-09-10T01:46:34","slug":"cargos-y-funciones-institucionales","status":"publish","type":"page","link":"https:\/\/ifdgomez-crr.infd.edu.ar\/sitio\/cargos-y-funciones-institucionales\/","title":{"rendered":"Equipo directivo-de gesti\u00f3n-administrativo y \u00e1rea de estudiantes"},"content":{"rendered":"\n<p><\/p>\n\n\n\n<p><strong><img decoding=\"async\" loading=\"lazy\" title=\"accept\" src=\"https:\/\/ifdgomez-crr.infd.edu.ar\/sitio\/wp-content\/uploads\/2018\/06\/accept_1.png\" alt=\"accept\" width=\"14\" height=\"14\" border=\"0\">RECTORADO<\/strong><\/p>\n\n\n\n<ul>\n<li><strong>RECTORA: Profesora Beatriz Blanca Tartaglino<\/strong><\/li>\n<\/ul>\n\n\n\n<ul>\n<li><strong>VICE RECTORA: Profesora Karina Irene Molina<\/strong> <\/li>\n<\/ul>\n\n\n\n<p><strong><strong><img decoding=\"async\" loading=\"lazy\" title=\"accept\" width=\"14\" height=\"14\" border=\"0\" src=\"https:\/\/ifdgomez-crr.infd.edu.ar\/sitio\/wp-content\/uploads\/2018\/06\/accept_1.png\" alt=\"accept\"><\/strong>SECRETARIA ACAD\u00c9MICA: Profesora Ana Faustina Mi\u00f1o<\/strong><\/p>\n\n\n\n<p><strong><strong><img decoding=\"async\" loading=\"lazy\" title=\"accept\" src=\"https:\/\/ifdgomez-crr.infd.edu.ar\/sitio\/wp-content\/uploads\/2018\/06\/accept_1.png\" alt=\"accept\" width=\"14\" height=\"14\" border=\"0\"><\/strong>COORDINACIONES DE \u00c1REAS:<\/strong><\/p>\n\n\n\n<ul>\n<li><strong>FORMACI\u00d3N INICIAL:&nbsp; Profesora Natalia Martelli<\/strong><\/li>\n\n\n\n<li><strong>FORMACI\u00d3N DOCENTE CONTINUA: Profesora Clarisa Ver\u00f3nica Anonis<\/strong><\/li>\n\n\n\n<li><strong>INVESTIGACI\u00d3N: Profesora Mar\u00eda Alejandra Mumbach<\/strong><\/li>\n\n\n\n<li><strong>PR\u00c1CTICAS DOCENTES: Profesora Alejandra \u00c1lvarez<\/strong><\/li>\n\n\n\n<li><strong>APOYO PEDAG\u00d3GICO A ESCUELAS: Profesora Ana Elizabet Sosa Pereira<\/strong><\/li>\n\n\n\n<li><strong>PR\u00c1CTICAS PROFESIONALIZANTES: Profesora Gabriela Elena Pignataro<\/strong><\/li>\n\n\n\n<li><strong>COORDINACI\u00d3N INSTITUCIONAL DE POL\u00cdTICAS ESTUDIANTILES: Licenciada Mar\u00eda Virginia Denis Mansilla<\/strong><\/li>\n<\/ul>\n\n\n\n<p><strong><strong><img decoding=\"async\" loading=\"lazy\" title=\"accept\" src=\"https:\/\/ifdgomez-crr.infd.edu.ar\/sitio\/wp-content\/uploads\/2018\/06\/accept_1.png\" alt=\"accept\" width=\"14\" height=\"14\" border=\"0\"><\/strong>COORDINACIONES DE CARRERAS:<\/strong><\/p>\n\n\n\n<ul>\n<li><strong>PROFESORADO DE EDUCACI\u00d3N INICIAL: <\/strong><\/li>\n\n\n\n<li><strong>PROFESORADO DE EDUCACI\u00d3N PRIMARIA: Profesora Anal\u00eda<\/strong> <strong>Loebarth<\/strong><\/li>\n\n\n\n<li><strong>PROFESORADO DE EDUCACI\u00d3N SECUNDARIA EN BIOLOG\u00cdA: Profesora Cintia Anah\u00ed Gamarra<\/strong><\/li>\n\n\n\n<li><strong>PROFESORADO DE EDUCACI\u00d3N SECUNDARIA EN CIENCIAS DE LA ADMINISTRACI\u00d3N: Profesora Ma. Bel\u00e9n Cari Dechat<\/strong><\/li>\n\n\n\n<li><strong>PROFESORADO DE EDUCACI\u00d3N SECUNDARIA EN GEOGRAF\u00cdA: Profesor H\u00e9ctos Mat\u00edas G\u00f3mez<\/strong><\/li>\n\n\n\n<li><strong>PROFESORADO DE EDUCACI\u00d3N SECUNDARIA EN HISTORIA: Profesor Horacio Zapata<\/strong><\/li>\n\n\n\n<li><strong>PROFESORADO DE EDUCACI\u00d3N SECUNDARIA EN MATEM\u00c1TICA: Profesor Facundo Godoy<\/strong><\/li>\n\n\n\n<li><strong>PROFESORADO DE EDUCACI\u00d3N SECUNDARIA EN INFORM\u00c1TICA: Profesora<\/strong> <strong>Anal\u00eda Natalia Beatriz Acosta<\/strong><\/li>\n\n\n\n<li><strong>PROFESORADO DE INGL\u00c9S:<\/strong> <strong>Profesora Mariela In\u00e9s Gauna<\/strong><\/li>\n\n\n\n<li><strong>PROFESORADO DE ARTES VISUALES:<\/strong><\/li>\n\n\n\n<li><strong>Profesorado de Educaci\u00f3n Especial con orientaci\u00f3n en Ciegos y Disminuidos visuales:<\/strong><\/li>\n\n\n\n<li><strong>TECNICATURA SUPERIOR EN DESARROLLO DE SOFTWARE: Profesora Estela Silvina Origgi<\/strong><\/li>\n\n\n\n<li><strong>TECNICATURA SUPERIOR EN ENFERMER\u00cdA: Lic. Paula Manfroni<\/strong><\/li>\n\n\n\n<li><strong>TECNICATURA SUPERIOR EN LOG\u00cdSTICA: Lic. Miriam L\u00f3pez<\/strong><\/li>\n\n\n\n<li><strong>TECNICATURA SUPERIOR EN GASTRONOM\u00cdA: \u00c1ngel Gustavo Gauto<\/strong><\/li>\n<\/ul>\n\n\n\n<p><strong><strong><img decoding=\"async\" loading=\"lazy\" title=\"accept\" src=\"https:\/\/ifdgomez-crr.infd.edu.ar\/sitio\/wp-content\/uploads\/2018\/06\/accept_1.png\" alt=\"accept\" width=\"14\" height=\"14\" border=\"0\"><\/strong>SECRETAR\u00cdA ADMINISTRATIVA:<\/strong><\/p>\n\n\n\n<ul>\n<li><strong>SECRETARIA ADMINISTRATIVA: Profesora Silvina Fabiana Ben\u00edtez<\/strong><\/li>\n\n\n\n<li><strong>PROSECRETARIO: Profesora Melisa Mi\u00f1o<\/strong><\/li>\n\n\n\n<li><strong>AUXILIARES ADMINISTRATIVOS: &nbsp;&nbsp;<\/strong>\n<ul>\n<li><strong>Se\u00f1or Marcio David Zapata<\/strong><\/li>\n\n\n\n<li><strong>Se\u00f1ora Sandra Itat\u00ed Savall<\/strong><\/li>\n<\/ul>\n<\/li>\n<\/ul>\n\n\n\n<p><strong><strong><img decoding=\"async\" loading=\"lazy\" title=\"accept\" width=\"14\" height=\"14\" border=\"0\" src=\"https:\/\/ifdgomez-crr.infd.edu.ar\/sitio\/wp-content\/uploads\/2018\/06\/accept_1.png\" alt=\"accept\"><\/strong>\u00c1REA DE ESTUDIANTES:<\/strong><\/p>\n\n\n\n<ul>\n<li><strong>&nbsp;Bedeles: &nbsp;<\/strong>\n<ul>\n<li><strong>Turno tarde: Profesora Clarisa Ver\u00f3nica Anonis<\/strong><\/li>\n\n\n\n<li><strong>Turno noche: Profesora <\/strong><\/li>\n<\/ul>\n<\/li>\n<\/ul>\n\n\n\n<ul>\n<li><strong>ASISTENTES T\u00c9CNICOS \u2013PEDAG\u00d3GICOS:<\/strong>\n<ul>\n<li><strong>Profesora M\u00f3nica Alejandra Pipet<\/strong><\/li>\n\n\n\n<li><strong>Profesora Mar\u00eda Laura Romero<\/strong><\/li>\n\n\n\n<li><strong>Profesora Mirta In\u00e9s Ritter<\/strong><\/li>\n\n\n\n<li><strong>Profesora Mar\u00eda Laura \u00c1lvez<\/strong><\/li>\n\n\n\n<li><strong>Profesora Andrea Bouchet<\/strong><\/li>\n\n\n\n<li><strong>Profesora Bel\u00e9n Cari Dechat<\/strong><\/li>\n\n\n\n<li><strong>Profesor Lino Silva <\/strong><\/li>\n<\/ul>\n<\/li>\n<\/ul>\n\n\n\n<p><strong><strong><img decoding=\"async\" loading=\"lazy\" title=\"accept\" width=\"14\" height=\"14\" border=\"0\" src=\"https:\/\/ifdgomez-crr.infd.edu.ar\/sitio\/wp-content\/uploads\/2018\/06\/accept_1.png\" alt=\"accept\"><\/strong>CENTRO DE DOCUMENTACI\u00d3N:<\/strong><\/p>\n\n\n\n<ul>\n<li><strong>Bibliotecario Leandro Ezequiel Viceconte<\/strong><\/li>\n\n\n\n<li><strong>Profesora Ema Elena Brazeiro<\/strong><\/li>\n<\/ul>\n\n\n\n<p>     <strong><strong><img decoding=\"async\" loading=\"lazy\" title=\"accept\" width=\"14\" height=\"14\" border=\"0\" src=\"https:\/\/ifdgomez-crr.infd.edu.ar\/sitio\/wp-content\/uploads\/2018\/06\/accept_1.png\" alt=\"accept\"><\/strong>CENTRO DE RECURSOS DE APOYO T\u00c9CNICO-PEDAG\u00d3GICO:<\/strong><\/p>\n\n\n\n<ul>\n<li><strong>Bibliotecario Leandro Ezequiel Viceconte<\/strong><\/li>\n<\/ul>\n\n\n\n<p><strong><strong><img decoding=\"async\" loading=\"lazy\" title=\"accept\" width=\"14\" height=\"14\" border=\"0\" src=\"https:\/\/ifdgomez-crr.infd.edu.ar\/sitio\/wp-content\/uploads\/2018\/06\/accept_1.png\" alt=\"accept\"><\/strong>\u00d3RGANOS COLEGIADOS:<\/strong><\/p>\n\n\n\n<ul>\n<li><strong>CONSEJO DIRECTIVO<\/strong>\n<ul>\n<li><strong><strong>Composici\u00f3n<\/strong>:<\/strong>\n<ul>\n<li><strong>Rectora<\/strong>: <strong>Profesora Beatriz Blanca Tartaglino<\/strong><\/li>\n\n\n\n<li><strong>Vice Rectora<\/strong>: <strong>Profesora Karina Irene Molina<\/strong><\/li>\n\n\n\n<li><strong>Secretaria Acad\u00e9mica<\/strong>: <strong>Profesora Ana Faustina Mi\u00f1o<\/strong><\/li>\n\n\n\n<li><strong>Representante del Claustro Docente: Profesora Gabriela Villazanti<\/strong><\/li>\n\n\n\n<li><strong>Representante del Claustro No Docente: Profesor Lino Silva<\/strong><\/li>\n\n\n\n<li><strong>Representantes del Claustro de Estudiantes:  Gonzalo Jasso &#8211; Juan Villalba<\/strong><\/li>\n\n\n\n<li><strong>Representante Claustro Egresados:<\/strong> <strong>Lucas Alejandro Ugartemend\u00eda<\/strong><\/li>\n<\/ul>\n<\/li>\n<\/ul>\n<\/li>\n<\/ul>\n\n\n\n<ul>\n<li><strong>CONSEJO CONSULTIVO:<\/strong>\n<ul>\n<li><strong>Composici\u00f3n: <\/strong> \n<ul>\n<li><strong>Coordinadores de \u00c1reas<\/strong><\/li>\n\n\n\n<li><strong>Coordinadores de Carreras<\/strong><\/li>\n<\/ul>\n<\/li>\n<\/ul>\n<\/li>\n<\/ul>\n\n\n\n<ul>\n<li><strong>ASOCIACI\u00d3N COOPERADORA:<\/strong>\n<ul>\n<li><strong>Presidente: <\/strong><\/li>\n<\/ul>\n<\/li>\n<\/ul>\n\n\n\n<ul>\n<li><strong>CENTRO DE ESTUDIANTES:<\/strong>\n<ul>\n<li><strong>Presidente: <\/strong><\/li>\n<\/ul>\n<\/li>\n<\/ul>\n","protected":false},"excerpt":{"rendered":"<p>RECTORADO SECRETARIA ACAD\u00c9MICA: Profesora Ana Faustina Mi\u00f1o COORDINACIONES DE \u00c1REAS: COORDINACIONES DE CARRERAS: SECRETAR\u00cdA ADMINISTRATIVA: \u00c1REA DE ESTUDIANTES: CENTRO DE DOCUMENTACI\u00d3N: CENTRO DE RECURSOS DE APOYO T\u00c9CNICO-PEDAG\u00d3GICO: \u00d3RGANOS COLEGIADOS:<\/p>\n","protected":false},"author":748,"featured_media":0,"parent":0,"menu_order":0,"comment_status":"closed","ping_status":"closed","template":"","meta":[],"acf":[],"_links":{"self":[{"href":"https:\/\/ifdgomez-crr.infd.edu.ar\/sitio\/wp-json\/wp\/v2\/pages\/1085"}],"collection":[{"href":"https:\/\/ifdgomez-crr.infd.edu.ar\/sitio\/wp-json\/wp\/v2\/pages"}],"about":[{"href":"https:\/\/ifdgomez-crr.infd.edu.ar\/sitio\/wp-json\/wp\/v2\/types\/page"}],"author":[{"embeddable":true,"href":"https:\/\/ifdgomez-crr.infd.edu.ar\/sitio\/wp-json\/wp\/v2\/users\/748"}],"replies":[{"embeddable":true,"href":"https:\/\/ifdgomez-crr.infd.edu.ar\/sitio\/wp-json\/wp\/v2\/comments?post=1085"}],"version-history":[{"count":35,"href":"https:\/\/ifdgomez-crr.infd.edu.ar\/sitio\/wp-json\/wp\/v2\/pages\/1085\/revisions"}],"predecessor-version":[{"id":5348,"href":"https:\/\/ifdgomez-crr.infd.edu.ar\/sitio\/wp-json\/wp\/v2\/pages\/1085\/revisions\/5348"}],"wp:attachment":[{"href":"https:\/\/ifdgomez-crr.infd.edu.ar\/sitio\/wp-json\/wp\/v2\/media?parent=1085"}],"curies":[{"name":"wp","href":"https:\/\/api.w.org\/{rel}","templated":true}]}}