{"id":3322,"date":"2023-04-12T23:02:16","date_gmt":"2023-04-13T02:02:16","guid":{"rendered":"https:\/\/ifdgomez-crr.infd.edu.ar\/sitio\/?page_id=3322"},"modified":"2025-06-11T18:53:17","modified_gmt":"2025-06-11T21:53:17","slug":"profesorado-de-ingles","status":"publish","type":"page","link":"https:\/\/ifdgomez-crr.infd.edu.ar\/sitio\/profesorado-de-ingles\/","title":{"rendered":"Profesorado de Ingl\u00e9s"},"content":{"rendered":"<p><span style=\"font-family: verdana, geneva;\" data-mce-mark=\"1\"><strong style=\"font-family: Verdana, Arial, Helvetica, sans-serif; font-size: 12pt;\"><span style=\"text-decoration: underline;\">Objetivos<\/span><\/strong><\/span><\/p>\n<p style=\"text-align: justify;\"><span style=\"font-family: verdana, geneva; font-size: 12pt; color: #000000;\" data-mce-mark=\"1\">Formar docentes:<img decoding=\"async\" loading=\"lazy\" class=\" wp-image-3324 alignright\" src=\"https:\/\/ifdgomez-crr.infd.edu.ar\/sitio\/wp-content\/uploads\/2023\/04\/aprender-ingles-basico.png\" alt=\"\" width=\"416\" height=\"192\" \/><\/span><\/p>\n<p style=\"text-align: justify;\"><span style=\"font-family: verdana, geneva; font-size: 12pt; color: #000000;\" data-mce-mark=\"1\"><img decoding=\"async\" title=\"accept\" src=\"https:\/\/ifdgomez-crr.infd.edu.ar\/sitio\/wp-content\/uploads\/2018\/06\/accept_1.png\" alt=\"accept\" border=\"0\" \/>Con capacidad para ense\u00f1ar generar y transmitir conocimientos y valores necesarios para la formaci\u00f3n integral de las personas en distintos \u00e1mbitos (de ense\u00f1anza, de organizaci\u00f3n, e institucional) y en diferentes contextos.<\/span><\/p>\n<p style=\"text-align: justify;\"><span style=\"font-family: verdana, geneva; font-size: 12pt; color: #000000;\" data-mce-mark=\"1\"><img decoding=\"async\" title=\"accept\" src=\"https:\/\/ifdgomez-crr.infd.edu.ar\/sitio\/wp-content\/uploads\/2018\/06\/accept_1.png\" alt=\"accept\" border=\"0\" \/>Aut\u00f3nomos y responsables para la genuina toma de decisiones en la ense\u00f1anza (selecci\u00f3n y organizaci\u00f3n de los distintos componentes curriculares en el marco del dise\u00f1o de la ense\u00f1anza, como el discernimiento para analizar y seleccionar diferentes materiales curriculares que coadyuven a la tarea docente).<\/span><\/p>\n<p style=\"text-align: justify;\"><span style=\"font-family: verdana, geneva; font-size: 12pt; color: #000000;\" data-mce-mark=\"1\"><img decoding=\"async\" title=\"accept\" src=\"https:\/\/ifdgomez-crr.infd.edu.ar\/sitio\/wp-content\/uploads\/2018\/06\/accept_1.png\" alt=\"accept\" border=\"0\" \/> Que puedan realizar adecuaci\u00f3n, producci\u00f3n y evaluaci\u00f3n de los contenidos curriculares.<\/span><\/p>\n<p style=\"text-align: justify;\"><span style=\"font-family: verdana, geneva; font-size: 12pt; color: #000000;\" data-mce-mark=\"1\"><img decoding=\"async\" title=\"accept\" src=\"https:\/\/ifdgomez-crr.infd.edu.ar\/sitio\/wp-content\/uploads\/2018\/06\/accept_1.png\" alt=\"accept\" border=\"0\" \/>Que dominen los conocimientos a ense\u00f1ar y actualicen su propio marco de referencia te\u00f3rico.<\/span><\/p>\n<p style=\"text-align: justify;\"><span style=\"font-family: verdana, geneva; font-size: 12pt; color: #000000;\" data-mce-mark=\"1\"><img decoding=\"async\" title=\"accept\" src=\"https:\/\/ifdgomez-crr.infd.edu.ar\/sitio\/wp-content\/uploads\/2018\/06\/accept_1.png\" alt=\"accept\" border=\"0\" \/>Capaces de concebir y desarrollar dispositivos pedag\u00f3gicos atendiendo a la diversidad, pudiendo identificar en el acompa\u00f1amiento de los procesos de aprendizaje de los alumnos aquellos factores que los potencian, para promoverlos y aquellos obst\u00e1culos que dificultan esos procesos para intensificar su intervenci\u00f3n pedag\u00f3gica.<\/span><\/p>\n<p style=\"text-align: justify;\"><span style=\"font-family: verdana, geneva; font-size: 12pt; color: #000000;\" data-mce-mark=\"1\"><img decoding=\"async\" title=\"accept\" src=\"https:\/\/ifdgomez-crr.infd.edu.ar\/sitio\/wp-content\/uploads\/2018\/06\/accept_1.png\" alt=\"accept\" border=\"0\" \/>Con capacidad para trabajar en equipo con otros docentes, desarrollando proyectos compartidos participando y proponiendo actividades propia de la instituci\u00f3n que\u00a0 promuevan la mejora de la calidad educativa.\u00a0<\/span><\/p>\n<p style=\"text-align: justify;\"><span style=\"font-family: verdana, geneva; font-size: 12pt; color: #339966;\" data-mce-mark=\"1\"><strong><img decoding=\"async\" loading=\"lazy\" class=\"alignleft\" src=\"https:\/\/ifdgomez-crr.infd.edu.ar\/sitio\/wp-content\/uploads\/2018\/06\/IEGauIOV3Nauimagen_incrustada1.png\" alt=\"Resultado de imagen para reloj\" width=\"28\" height=\"34\" border=\"0\" \/><\/strong><\/span><span style=\"font-family: verdana, geneva; font-size: 12pt;\" data-mce-mark=\"1\"><strong>\u00a0<\/strong><\/span><span style=\"font-family: verdana, geneva; font-size: 12pt;\" data-mce-mark=\"1\"><strong><span style=\"text-decoration: underline;\">Duraci\u00f3n de la Carrera<\/span><\/strong><\/span><\/p>\n<p style=\"text-align: justify;\"><span style=\"font-family: verdana, geneva; font-size: 12pt; color: #000000;\" data-mce-mark=\"1\">2.880 horas reloj (4.320 horas c\u00e1tedra), a lo largo de 4 a\u00f1os de estudio.<\/span><\/p>\n<p style=\"text-align: justify;\"><span style=\"font-family: verdana, geneva; font-size: 12pt; color: #000000;\" data-mce-mark=\"1\">Ocho semestres, que incluyen observaciones, pr\u00e1ctica profesional intensiva, talleres complementarios y examen final.<\/span><\/p>\n<p><span style=\"font-size: 12pt; font-family: verdana, geneva;\"><strong><span style=\"text-decoration: underline;\">Horario de cursado:\u00a0<\/span><\/strong><\/span><\/p>\n<p><span style=\"font-size: 12pt; font-family: verdana, geneva; color: #000000;\">Turno noche<\/span><\/p>\n<p><span style=\"font-size: 12pt; font-family: verdana, geneva;\"><strong><span style=\"text-decoration: underline;\">Cursos habilitados:<\/span><\/strong><\/span><\/p>\n<p><span style=\"font-size: 12pt; font-family: verdana, geneva; color: #000000;\">1\u00ba a\u00f1o, 2\u00b0 a\u00f1o y 3\u00b0 a\u00f1o<\/span><\/p>\n<p style=\"text-align: justify;\"><span style=\"font-family: verdana, geneva; font-size: 12pt;\" data-mce-mark=\"1\"><strong><span style=\"text-decoration: underline;\"><img decoding=\"async\" loading=\"lazy\" class=\"wp-image-3292 alignleft\" src=\"https:\/\/ifdgomez-crr.infd.edu.ar\/sitio\/wp-content\/uploads\/2023\/04\/graduation-hat-with-diploma.png\" alt=\"\" width=\"38\" height=\"38\" srcset=\"https:\/\/ifdgomez-crr.infd.edu.ar\/sitio\/wp-content\/uploads\/2023\/04\/graduation-hat-with-diploma.png 512w, https:\/\/ifdgomez-crr.infd.edu.ar\/sitio\/wp-content\/uploads\/2023\/04\/graduation-hat-with-diploma-500x500.png 500w\" sizes=\"(max-width: 38px) 100vw, 38px\" \/>Titulaci\u00f3n<\/span><\/strong><\/span><\/p>\n<p style=\"text-align: justify;\"><span style=\"font-family: verdana, geneva; font-size: 12pt; color: #000000;\" data-mce-mark=\"1\">Profesor\/a de Ingl\u00e9s.\u00a0<\/span><\/p>\n<p style=\"text-align: justify;\"><span style=\"font-family: verdana, geneva; font-size: 12pt; color: #000000;\" data-mce-mark=\"1\">Con validez nacional y habilitante para ejercer en el nivel inicial, primario y secundario, en el \u00e1mbito estatal o privado.<\/span><\/p>\n<p style=\"text-align: justify;\"><strong style=\"color: #008000; font-family: verdana, geneva; font-size: 12pt;\"><span style=\"text-decoration: underline;\"><span style=\"color: #339966; text-decoration: underline;\"><span style=\"color: #000000; text-decoration: underline;\"><img decoding=\"async\" loading=\"lazy\" class=\" wp-image-3296 alignleft\" src=\"https:\/\/ifdgomez-crr.infd.edu.ar\/sitio\/wp-content\/uploads\/2023\/04\/166088.png\" alt=\"\" width=\"38\" height=\"38\" srcset=\"https:\/\/ifdgomez-crr.infd.edu.ar\/sitio\/wp-content\/uploads\/2023\/04\/166088.png 512w, https:\/\/ifdgomez-crr.infd.edu.ar\/sitio\/wp-content\/uploads\/2023\/04\/166088-500x500.png 500w\" sizes=\"(max-width: 38px) 100vw, 38px\" \/><a href=\"http:\/\/dgescorrientes.net\/curriculares-pdf\/profesorado\/ingles-rm.4592-2015.pdf\">Dise\u00f1o Curricular completo<\/a><\/span><\/span><\/span><span style=\"color: #008000;\" data-mce-mark=\"1\">\u00a0<\/span><\/strong><span style=\"color: #000000; font-family: verdana, geneva;\" data-mce-mark=\"1\"><span style=\"font-size: 10pt;\">(Plan de Estudio en las p\u00e1ginas 31 y 32 del pdf)<\/span><\/span><\/p>\n","protected":false},"excerpt":{"rendered":"<p>Objetivos Formar docentes: Con capacidad para ense\u00f1ar generar y transmitir conocimientos y valores necesarios para la formaci\u00f3n integral de las personas en distintos \u00e1mbitos (de ense\u00f1anza, de organizaci\u00f3n, e institucional) y en diferentes contextos. Aut\u00f3nomos y responsables para la genuina toma de decisiones en la ense\u00f1anza (selecci\u00f3n y organizaci\u00f3n de los distintos componentes curriculares en &#8230; <a title=\"Profesorado de Ingl\u00e9s\" class=\"read-more\" href=\"https:\/\/ifdgomez-crr.infd.edu.ar\/sitio\/profesorado-de-ingles\/\" aria-label=\"More on Profesorado de Ingl\u00e9s\">[+]<\/a><\/p>\n","protected":false},"author":51,"featured_media":0,"parent":0,"menu_order":0,"comment_status":"closed","ping_status":"closed","template":"","meta":[],"acf":[],"_links":{"self":[{"href":"https:\/\/ifdgomez-crr.infd.edu.ar\/sitio\/wp-json\/wp\/v2\/pages\/3322"}],"collection":[{"href":"https:\/\/ifdgomez-crr.infd.edu.ar\/sitio\/wp-json\/wp\/v2\/pages"}],"about":[{"href":"https:\/\/ifdgomez-crr.infd.edu.ar\/sitio\/wp-json\/wp\/v2\/types\/page"}],"author":[{"embeddable":true,"href":"https:\/\/ifdgomez-crr.infd.edu.ar\/sitio\/wp-json\/wp\/v2\/users\/51"}],"replies":[{"embeddable":true,"href":"https:\/\/ifdgomez-crr.infd.edu.ar\/sitio\/wp-json\/wp\/v2\/comments?post=3322"}],"version-history":[{"count":4,"href":"https:\/\/ifdgomez-crr.infd.edu.ar\/sitio\/wp-json\/wp\/v2\/pages\/3322\/revisions"}],"predecessor-version":[{"id":5137,"href":"https:\/\/ifdgomez-crr.infd.edu.ar\/sitio\/wp-json\/wp\/v2\/pages\/3322\/revisions\/5137"}],"wp:attachment":[{"href":"https:\/\/ifdgomez-crr.infd.edu.ar\/sitio\/wp-json\/wp\/v2\/media?parent=3322"}],"curies":[{"name":"wp","href":"https:\/\/api.w.org\/{rel}","templated":true}]}}