{"id":5441,"date":"2025-10-15T11:29:22","date_gmt":"2025-10-15T14:29:22","guid":{"rendered":"https:\/\/ifdgomez-crr.infd.edu.ar\/sitio\/?page_id=5441"},"modified":"2025-10-15T11:57:01","modified_gmt":"2025-10-15T14:57:01","slug":"profesorado-de-educacion-especial-en-ciegos-y-disminuidos-visuales","status":"publish","type":"page","link":"https:\/\/ifdgomez-crr.infd.edu.ar\/sitio\/profesorado-de-educacion-especial-en-ciegos-y-disminuidos-visuales\/","title":{"rendered":"Profesorado de Educaci\u00f3n Especial con Orientaci\u00f3n en Ciegos y Disminuidos Visuales"},"content":{"rendered":"\n<p><strong>Objetivos<\/strong><\/p>\n\n\n\n<p><img decoding=\"async\" src=\"https:\/\/ifdgomez-crr.infd.edu.ar\/sitio\/wp-content\/uploads\/2018\/06\/accept_1.png\" alt=\"accept\">\u00a0Contextualizar las intervenciones de ense\u00f1anza con el objeto de encontrar diferentes y mejores formas de posibilitar los aprendizajes de los alumnos, apoyando procesos democr\u00e1ticos al interior de las instituciones educativas y de las aulas a partir de ideales de justicia y de logro de mejores y m\u00e1s dignas condiciones de vida para sus alumnos.<\/p>\n\n\n\n<p><img decoding=\"async\" src=\"https:\/\/ifdgomez-crr.infd.edu.ar\/sitio\/wp-content\/uploads\/2018\/06\/accept_1.png\" alt=\"accept\">Construir el rol profesional a trav\u00e9s del logro de autonom\u00eda y responsabilidad para la genuina toma personal de decisiones en la ense\u00f1anza, ejerciendo autoridad pedag\u00f3gica como profesional reconocido y legitimado por el ejercicio de su rol comprometido y responsable.<\/p>\n\n\n\n<p><img decoding=\"async\" src=\"https:\/\/ifdgomez-crr.infd.edu.ar\/sitio\/wp-content\/uploads\/2018\/06\/accept_1.png\" alt=\"accept\">Generar situaciones de aprendizaje en contextos diversos y en los distintos niveles y modalidades para las que se forma, en el marco institucional en el que se desempe\u00f1e.<\/p>\n\n\n\n<p><img decoding=\"async\" src=\"https:\/\/ifdgomez-crr.infd.edu.ar\/sitio\/wp-content\/uploads\/2018\/06\/accept_1.png\" alt=\"accept\">Dominar los conocimientos a ense\u00f1ar y actualizar su propio marco de referencia te\u00f3rico.<\/p>\n\n\n\n<p><img decoding=\"async\" src=\"https:\/\/ifdgomez-crr.infd.edu.ar\/sitio\/wp-content\/uploads\/2018\/06\/accept_1.png\" alt=\"accept\">Realizar adecuaciones, producci\u00f3n y evaluaci\u00f3n de los contenidos curriculares.<\/p>\n\n\n\n<p><img decoding=\"async\" src=\"https:\/\/ifdgomez-crr.infd.edu.ar\/sitio\/wp-content\/uploads\/2018\/06\/accept_1.png\" alt=\"accept\">Reconocer el sentido educativo de los contenidos a ense\u00f1ar.<\/p>\n\n\n\n<p><img decoding=\"async\" src=\"https:\/\/ifdgomez-crr.infd.edu.ar\/sitio\/wp-content\/uploads\/2018\/06\/accept_1.png\" alt=\"accept\">Ampliar su propio horizonte cultural m\u00e1s all\u00e1 de los contenidos culturales imprescindibles para ense\u00f1ar.<\/p>\n\n\n\n<p><img decoding=\"async\" src=\"https:\/\/ifdgomez-crr.infd.edu.ar\/sitio\/wp-content\/uploads\/2018\/06\/accept_1.png\" alt=\"accept\">Conocer e identificar las caracter\u00edsticas y necesidades de aprendizaje de los alumnos de los distintos niveles y modalidades del Sistema Educativo, como base de su actuaci\u00f3n docente.<\/p>\n\n\n\n<p><img decoding=\"async\" src=\"https:\/\/ifdgomez-crr.infd.edu.ar\/sitio\/wp-content\/uploads\/2018\/06\/accept_1.png\" alt=\"accept\">Concebir y desarrollar dispositivos pedag\u00f3gicos atendiendo la diversidad, confiando en las posibilidades de aprender de sus alumnos.<\/p>\n\n\n\n<p><img decoding=\"async\" src=\"https:\/\/ifdgomez-crr.infd.edu.ar\/sitio\/wp-content\/uploads\/2018\/06\/accept_1.png\" alt=\"accept\">Involucrar activamente a los alumnos en sus aprendizajes con el objeto de promover el desarrollo de sujetos cr\u00edticos.<\/p>\n\n\n\n<p><img decoding=\"async\" src=\"https:\/\/ifdgomez-crr.infd.edu.ar\/sitio\/wp-content\/uploads\/2018\/06\/accept_1.png\" alt=\"accept\">Acompa\u00f1ar los procesos de aprendizaje de sus alumnos identificando los factores que lo potencian, para promoverlos; como los obst\u00e1culos que dificultan dichos procesos, para intensificar su intervenci\u00f3n pedag\u00f3gica con el objeto que sus alumnos aprendan.<\/p>\n\n\n\n<p><img decoding=\"async\" src=\"https:\/\/ifdgomez-crr.infd.edu.ar\/sitio\/wp-content\/uploads\/2018\/06\/accept_1.png\" alt=\"accept\">Conducir los procesos de construcci\u00f3n grupal, facilitando el aprendizaje individual.<\/p>\n\n\n\n<p><img decoding=\"async\" src=\"https:\/\/ifdgomez-crr.infd.edu.ar\/sitio\/wp-content\/uploads\/2018\/06\/accept_1.png\" alt=\"accept\">Reconocer, seleccionar y usar los recursos disponibles en la instituci\u00f3n para ser utilizados en la ense\u00f1anza.<\/p>\n\n\n\n<p><img decoding=\"async\" src=\"https:\/\/ifdgomez-crr.infd.edu.ar\/sitio\/wp-content\/uploads\/2018\/06\/accept_1.png\" alt=\"accept\">Participar en el intercambio y comunicaci\u00f3n con las familias para retroalimentar su tarea.<\/p>\n\n\n\n<p><img decoding=\"async\" src=\"https:\/\/ifdgomez-crr.infd.edu.ar\/sitio\/wp-content\/uploads\/2018\/06\/accept_1.png\" alt=\"accept\">Trabajar en equipo con otros docentes, elaborando proyectos compartidos, participando y proponiendo actividades propias de la instituci\u00f3n educativa, que promuevan la mejora en la calidad educativa.<\/p>\n\n\n\n<p><\/p>\n\n\n<div class=\"wp-block-image\">\n<figure class=\"alignleft\"><img decoding=\"async\" src=\"https:\/\/ifdgomez-crr.infd.edu.ar\/sitio\/wp-content\/uploads\/2018\/06\/IEGauIOV3Nauimagen_incrustada1.png\" alt=\"Resultado de imagen para reloj\"\/><\/figure><\/div>\n\n\n<p><strong><\/strong><strong>Duraci\u00f3n de la Carrera<\/strong><\/p>\n\n\n\n<p>2.667 horas reloj (4.000 horas c\u00e1tedra), a lo largo de 4 a\u00f1os de estudio.\u00a0<\/p>\n\n\n\n<p>Ocho semestres, que incluyen observaciones, pr\u00e1ctica profesional intensiva, talleres complementarios y examen final.<\/p>\n\n\n\n<p><strong>Horario de cursado:<\/strong><\/p>\n\n\n\n<p>Turno tarde<\/p>\n\n\n\n<p><strong>Cursos habilitados:<\/strong><\/p>\n\n\n\n<p>1\u00ba a\u00f1o<\/p>\n\n\n<div class=\"wp-block-image\">\n<figure class=\"alignleft\"><img decoding=\"async\" loading=\"lazy\" width=\"512\" height=\"512\" src=\"https:\/\/ifdgomez-crr.infd.edu.ar\/sitio\/wp-content\/uploads\/2023\/04\/graduation-hat-with-diploma.png\" alt=\"\" class=\"wp-image-3292\" srcset=\"https:\/\/ifdgomez-crr.infd.edu.ar\/sitio\/wp-content\/uploads\/2023\/04\/graduation-hat-with-diploma.png 512w, https:\/\/ifdgomez-crr.infd.edu.ar\/sitio\/wp-content\/uploads\/2023\/04\/graduation-hat-with-diploma-500x500.png 500w\" sizes=\"(max-width: 512px) 100vw, 512px\" \/><\/figure><\/div>\n\n\n<p><strong>Titulaci\u00f3n<\/strong><\/p>\n\n\n\n<p>Profesor de Educaci\u00f3n Especial con Orientaci\u00f3n en Ciegos y Disminuidos Visuales<\/p>\n\n\n\n<p><strong><a rel=\"noreferrer noopener\" href=\"http:\/\/dgescorrientes.net\/curriculares-pdf\/profesorado\/educ-primaria-rm.1464-2014.pdf\" target=\"_blank\">\u00a0Dise\u00f1o Curricular completo<\/a>\u00a0<\/strong>(Plan de Estudio en las p\u00e1ginas 25 y 26 del documento)<\/p>\n","protected":false},"excerpt":{"rendered":"<p>Objetivos \u00a0Contextualizar las intervenciones de ense\u00f1anza con el objeto de encontrar diferentes y mejores formas de posibilitar los aprendizajes de los alumnos, apoyando procesos democr\u00e1ticos al interior de las instituciones educativas y de las aulas a partir de ideales de justicia y de logro de mejores y m\u00e1s dignas condiciones de vida para sus alumnos. &#8230; <a title=\"Profesorado de Educaci\u00f3n Especial con Orientaci\u00f3n en Ciegos y Disminuidos Visuales\" class=\"read-more\" href=\"https:\/\/ifdgomez-crr.infd.edu.ar\/sitio\/profesorado-de-educacion-especial-en-ciegos-y-disminuidos-visuales\/\" aria-label=\"More on Profesorado de Educaci\u00f3n Especial con Orientaci\u00f3n en Ciegos y Disminuidos Visuales\">[+]<\/a><\/p>\n","protected":false},"author":9205,"featured_media":0,"parent":0,"menu_order":0,"comment_status":"closed","ping_status":"closed","template":"","meta":[],"acf":[],"_links":{"self":[{"href":"https:\/\/ifdgomez-crr.infd.edu.ar\/sitio\/wp-json\/wp\/v2\/pages\/5441"}],"collection":[{"href":"https:\/\/ifdgomez-crr.infd.edu.ar\/sitio\/wp-json\/wp\/v2\/pages"}],"about":[{"href":"https:\/\/ifdgomez-crr.infd.edu.ar\/sitio\/wp-json\/wp\/v2\/types\/page"}],"author":[{"embeddable":true,"href":"https:\/\/ifdgomez-crr.infd.edu.ar\/sitio\/wp-json\/wp\/v2\/users\/9205"}],"replies":[{"embeddable":true,"href":"https:\/\/ifdgomez-crr.infd.edu.ar\/sitio\/wp-json\/wp\/v2\/comments?post=5441"}],"version-history":[{"count":3,"href":"https:\/\/ifdgomez-crr.infd.edu.ar\/sitio\/wp-json\/wp\/v2\/pages\/5441\/revisions"}],"predecessor-version":[{"id":5445,"href":"https:\/\/ifdgomez-crr.infd.edu.ar\/sitio\/wp-json\/wp\/v2\/pages\/5441\/revisions\/5445"}],"wp:attachment":[{"href":"https:\/\/ifdgomez-crr.infd.edu.ar\/sitio\/wp-json\/wp\/v2\/media?parent=5441"}],"curies":[{"name":"wp","href":"https:\/\/api.w.org\/{rel}","templated":true}]}}